he greatest common factor of 76 and 3154.
38
Calculate the highest common divisor of 322 and 14.
14
Calculate the greatest common divisor of 1558 and 656.
82
What is the highest common factor of 99 and 825?
33
What is the highest common factor of 15 and 5?
5
Calculate the greatest common factor of 16 and 624.
16
What is the highest common factor of 8608 and 32?
32
What is the highest common divisor of 550 and 2?
2
Calculate the highest common divisor of 170 and 1445.
85
What is the highest common divisor of 84 and 30?
6
Calculate the highest common factor of 15 and 1280.
5
What is the greatest common divisor of 1205 and 15?
5
Calculate the greatest common factor of 28 and 2044.
28
What is the highest common factor of 558 and 2666?
62
What is the highest common factor of 30 and 3715?
5
Calculate the highest common divisor of 8 and 488.
8
Calculate the greatest common factor of 12 and 584.
4
What is the greatest common factor of 34 and 153?
17
Calculate the greatest common factor of 93 and 9.
3
Calculate the highest common divisor of 10140 and 120.
60
What is the highest common factor of 13 and 27?
1
Calculate the highest common divisor of 19 and 7524.
19
Calculate the greatest common factor of 140 and 98.
14
What is the highest common factor of 341 and 55?
11
Calculate the greatest common divisor of 400 and 8.
8
Calculate the highest common divisor of 664 and 249.
83
Calculate the greatest common factor of 12 and 32532.
12
What is the highest common factor of 243 and 108?
27
What is the highest common divisor of 112 and 2744?
56
Calculate the greatest common factor of 170 and 204.
34
What is the greatest common factor of 144 and 32?
16
Calculate the greatest common divisor of 3 and 96.
3
What is the highest common divisor of 85 and 3774?
17
What is the greatest common factor of 3205 and 10?
5
Calculate the highest common factor of 4 and 1684.
4
What is the highest common factor of 144 and 216?
72
What is the highest common factor of 52 and 143?
13
Calculate the greatest common divisor of 68 and 1632.
68
What is the greatest common factor of 64 and 2?
2
Calculate the highest common divisor of 2482 and 34.
34
What is the highest common factor of 348 and 12?
12
Calculate the greatest common divisor of 1038 and 6.
6
What is the greatest common factor of 190 and 445?
5
What is the greatest common factor of 48 and 894?
6
What is the greatest common divisor of 3 and 29?
1
What is the greatest common divisor of 96 and 8640?
96
Calculate the greatest common factor of 60 and 84.
12
Calculate the highest common factor of 40 and 872.
8
Calculate the greatest common divisor of 6750 and 1890.
270
What is the greatest common factor of 45 and 300?
15
What is the greatest common divisor of 18 and 78?
6
Calculate the greatest common factor of 552 and 72.
24
What is the greatest common factor of 3 and 96?
3
What is the greatest common divisor of 16 and 16?
16
Calculate the greatest common factor of 425 and 1615.
85
Calculate the highest common factor of 7 and 567.
7
Calculate the highest common divisor of 141 and 3760.
47
What is the highest common divisor of 713 and 496?
31
Calculate the highest common factor of 12 and 22272.
12
Calculate the greatest common factor of 3097 and 19.
19
Calculate the greatest common factor of 39 and 13.
13
What is the greatest common divisor of 528 and 33?
33
Calculate the greatest common divisor of 369 and 41.
41
Calculate the greatest common factor of 60 and 330.
30
What is the greatest common divisor of 1703 and 65?
13
What is the highest common factor of 7 and 1211?
7
What is the greatest common factor of 25 and 2225?
25
Calculate the greatest common factor of 138 and 713.
23
What is the greatest common divisor of 208 and 16?
16
Calculate the greatest common divisor of 1520 and 285.
95
What is the highest common divisor of 9 and 69?
3
Calculate the greatest common factor of 73 and 657.
73
What is the greatest common factor of 46 and 10603?
23
Calculate the greatest common divisor of 110 and 110.
110
Calculate the greatest common factor of 23 and 437.
23
Calculate the greatest common divisor of 825 and 5.
5
What is the highest common divisor of 217 and 28?
7
What is the greatest common divisor of 213 and 9869?
71
Calculate the greatest common divisor of 1071 and 4743.
153
Calculate the greatest common divisor of 896 and 128.
128
What is the highest common divisor of 3776 and 192?
64
Calculate the highest common divisor of 728 and 52.
52
Calculate the highest common divisor of 3168 and 55.
11
Calculate the highest common factor of 122 and 1525.
61
Calculate the highest common factor of 1 and 204.
1
Calculate the greatest common divisor of 117 and 9.
9
Calculate the highest common factor of 16 and 40320.
16
What is the highest common factor of 893 and 188?
47
What is the highest common divisor of 11603 and 283?
283
Calculate the greatest common divisor of 4 and 4.
4
Calculate the greatest common divisor of 192 and 832.
64
What is the highest common divisor of 267 and 3?
3
Calculate the greatest common divisor of 82720 and 110.
110
Calculate the highest common divisor of 680 and 120.
40
What is the greatest common divisor of 95 and 19?
19
What is the greatest common factor of 23430 and 660?
330
What is the highest common divisor of 90 and 144?
18
Calculate the greatest common divisor of 10 and 65.
5
Calculate the greatest common factor of 56 and 238.
14
Calculate the highest common factor of 85 and 272.
17
What is the greatest common divisor of 20 and 2430?
10
Calculate the greatest common factor of 82 and 2583.
41
What is the greatest common divisor of 189 and 504?
63
Calculate the highest common divisor of 297 and 11.
11
Calculate the greatest common divisor of 894 and 6.
6
Calculate the highest common factor of 30 and 345.
15
What is the greatest common divisor of 656 and 16?
16
What is the greatest common factor of 128 and 1472?
64
Calculate the highest common divisor of 12065 and 95.
95
Calculate the highest common divisor of 24 and 57.
3
Calculate the greatest common factor of 266 and 28.
14
What is the highest common divisor of 696 and 168?
24
Calculate the highest common factor of 413 and 59.
59
Calculate the greatest common factor of 110 and 6886.
22
Calculate the greatest common divisor of 16 and 6280.
8
What is the greatest common divisor of 1917 and 189?
27
What is the greatest common factor of 16 and 24?
8
What is the highest common divisor of 598 and 851?
23
Calculate the greatest common factor of 605 and 5.
5
What is the greatest common divisor of 980 and 140?
140
What is the greatest common divisor of 40 and 312?
8
Calculate the greatest common factor of 83 and 1.
1
Calculate the highest common factor of 10 and 35.
5
What is the greatest common factor of 819 and 13?
13
Calculate the greatest common factor of 32 and 136.
8
What is the highest common factor of 1323 and 126?
63
Calculate the highest common divisor of 901 and 212.
53
Calculate the greatest common factor of 28 and 182.
14
What is the highest common divisor of 48 and 2896?
16
What is the highest common divisor of 19 and 266?
19
What is the greatest common divisor of 151 and 7248?
151
What is the greatest common divisor of 15 and 115?
5
Calculate the highest common factor of 162 and 4050.
162
Calculate the highest common factor of 1641 and 3.
3
What is the greatest common factor of 446 and 2?
2
What is the highest common factor of 1643 and 62?
31
Calculate the highest common factor of 26 and 494.
26
Calculate the greatest common factor of 10 and 9450.
10
Calculate the highest common divisor of 2071 and 19.
19
Calculate the highest common divisor of 2232 and 216.
72
Calculate the greatest common divisor of 294 and 1323.
147
Calculate the greatest common divisor of 364 and 676.
52
What is the highest common divisor of 24626 and 14?
14
Calculate the highest common factor of 3640 and 112.
56
What is the greatest common factor of 208 and 156?
52
What is the greatest common factor of 148 and 6?
2
Calculate the greatest common factor of 652 and 489.
163
What is the greatest common divisor of 7 and 259?
7
Calculate the greatest common factor of 5969 and 47.
47
Calculate the highest common divisor of 36320 and 5.
5
Calculate the greatest common divisor of 384 